{"id":10689,"date":"2019-08-08T12:18:02","date_gmt":"2019-08-08T12:18:02","guid":{"rendered":"http:\/\/polypal.com\/blog\/product-accesory\/separador-bajo-bandeja"},"modified":"2020-02-25T13:43:23","modified_gmt":"2020-02-25T13:43:23","slug":"separador-bajo-bandeja","status":"publish","type":"product-accesory","link":"https:\/\/www.polypal.com\/de\/product-accesory\/separador-bajo-bandeja\/","title":{"rendered":"B\u00fcgelfachteiler"},"content":{"rendered":"<p>Fachteiler in B\u00fcgelform dienen zur Fachunterteilung und werden unter offene Fachb\u00f6den geklemmt. Sie sind stufenlos \u00fcber die gesamte Fachbodenbreite verstellbar.<\/p>\n","protected":false},"excerpt":{"rendered":"<p>Fachteiler in B\u00fcgelform dienen zur Fachunterteilung und werden unter offene Fachb\u00f6den geklemmt. Sie sind stufenlos \u00fcber die gesamte Fachbodenbreite verstellbar.<\/p>\n","protected":false},"featured_media":6773,"menu_order":0,"template":"","meta":{"content-type":"","footnotes":""},"class_list":["post-10689","product-accesory","type-product-accesory","status-publish","has-post-thumbnail","hentry"],"_links":{"self":[{"href":"https:\/\/www.polypal.com\/de\/wp-json\/wp\/v2\/product-accesory\/10689","targetHints":{"allow":["GET"]}}],"collection":[{"href":"https:\/\/www.polypal.com\/de\/wp-json\/wp\/v2\/product-accesory"}],"about":[{"href":"https:\/\/www.polypal.com\/de\/wp-json\/wp\/v2\/types\/product-accesory"}],"version-history":[{"count":0,"href":"https:\/\/www.polypal.com\/de\/wp-json\/wp\/v2\/product-accesory\/10689\/revisions"}],"wp:featuredmedia":[{"embeddable":true,"href":"https:\/\/www.polypal.com\/de\/wp-json\/wp\/v2\/media\/6773"}],"wp:attachment":[{"href":"https:\/\/www.polypal.com\/de\/wp-json\/wp\/v2\/media?parent=10689"}],"curies":[{"name":"wp","href":"https:\/\/api.w.org\/{rel}","templated":true}]}}

Bügelfachteiler

<p>Fachteiler in Bügelform dienen zur Fachunterteilung und werden unter offene Fachböden geklemmt. Sie sind stufenlos über die gesamte Fachbodenbreite verstellbar.</p>
