{"id":10693,"date":"2019-08-08T12:13:18","date_gmt":"2019-08-08T12:13:18","guid":{"rendered":"http:\/\/polypal.com\/blog\/product-accesory\/bandeja-seccion-abierta"},"modified":"2020-02-25T13:45:52","modified_gmt":"2020-02-25T13:45:52","slug":"bandeja-seccion-abierta","status":"publish","type":"product-accesory","link":"https:\/\/www.polypal.com\/de\/product-accesory\/bandeja-seccion-abierta\/","title":{"rendered":"Fachboden mit offenem Profil"},"content":{"rendered":"<p>Fachb\u00f6den mit unten offenem Profil erm\u00f6glichen das Aufh\u00e4ngen von H\u00e4ngeregistraturen an der Unterseite. Die Fachb\u00f6den sind im Raster von 25 mm verstellbar.<\/p>\n","protected":false},"excerpt":{"rendered":"<p>Fachb\u00f6den mit unten offenem Profil erm\u00f6glichen das Aufh\u00e4ngen von H\u00e4ngeregistraturen an der Unterseite. Die Fachb\u00f6den sind im Raster von 25 mm verstellbar.<\/p>\n","protected":false},"featured_media":6729,"menu_order":0,"template":"","meta":{"content-type":"","footnotes":""},"class_list":["post-10693","product-accesory","type-product-accesory","status-publish","has-post-thumbnail","hentry"],"_links":{"self":[{"href":"https:\/\/www.polypal.com\/de\/wp-json\/wp\/v2\/product-accesory\/10693","targetHints":{"allow":["GET"]}}],"collection":[{"href":"https:\/\/www.polypal.com\/de\/wp-json\/wp\/v2\/product-accesory"}],"about":[{"href":"https:\/\/www.polypal.com\/de\/wp-json\/wp\/v2\/types\/product-accesory"}],"version-history":[{"count":0,"href":"https:\/\/www.polypal.com\/de\/wp-json\/wp\/v2\/product-accesory\/10693\/revisions"}],"wp:featuredmedia":[{"embeddable":true,"href":"https:\/\/www.polypal.com\/de\/wp-json\/wp\/v2\/media\/6729"}],"wp:attachment":[{"href":"https:\/\/www.polypal.com\/de\/wp-json\/wp\/v2\/media?parent=10693"}],"curies":[{"name":"wp","href":"https:\/\/api.w.org\/{rel}","templated":true}]}}

<p>Fachböden mit unten offenem Profil ermöglichen das Aufhängen von Hängeregistraturen an der Unterseite. Die Fachböden sind im Raster von 25 mm verstellbar.</p>
