{"id":8653,"date":"2019-07-15T09:33:02","date_gmt":"2019-07-15T09:33:02","guid":{"rendered":"https:\/\/www.polypal.com\/blog\/door-type\/vakio-ovi"},"modified":"2019-12-27T09:05:54","modified_gmt":"2019-12-27T09:05:54","slug":"vakio-ovi","status":"publish","type":"door-type","link":"https:\/\/www.polypal.com\/fi\/door-type\/vakio-ovi\/","title":{"rendered":"Vakio-ovi"},"content":{"rendered":"<p>Litte\u00e4 ter\u00e4sovi vahvistetuilla reunoilla, saranat hitsattu oveen ja niitattu runkoon lujuuden ja kest\u00e4vyyden parantamiseksi. \u2022 Alle 2 mm:n rako oven ja rungon v\u00e4liss\u00e4 suojaa kaappia v\u00e4\u00e4nt\u00e4miselt\u00e4 ja yrityksilt\u00e4 avata kaappi v\u00e4kisin.<\/p>\n","protected":false},"excerpt":{"rendered":"<p>Litte\u00e4 ter\u00e4sovi vahvistetuilla reunoilla, saranat hitsattu oveen ja niitattu runkoon lujuuden ja kest\u00e4vyyden parantamiseksi. \u2022 Alle 2 mm:n rako oven ja rungon v\u00e4liss\u00e4 suojaa kaappia v\u00e4\u00e4nt\u00e4miselt\u00e4 ja yrityksilt\u00e4 avata kaappi v\u00e4kisin.<\/p>\n","protected":false},"featured_media":21812,"menu_order":0,"template":"","meta":{"content-type":"","footnotes":""},"class_list":["post-8653","door-type","type-door-type","status-publish","has-post-thumbnail","hentry"],"_links":{"self":[{"href":"https:\/\/www.polypal.com\/fi\/wp-json\/wp\/v2\/door-type\/8653","targetHints":{"allow":["GET"]}}],"collection":[{"href":"https:\/\/www.polypal.com\/fi\/wp-json\/wp\/v2\/door-type"}],"about":[{"href":"https:\/\/www.polypal.com\/fi\/wp-json\/wp\/v2\/types\/door-type"}],"version-history":[{"count":0,"href":"https:\/\/www.polypal.com\/fi\/wp-json\/wp\/v2\/door-type\/8653\/revisions"}],"wp:featuredmedia":[{"embeddable":true,"href":"https:\/\/www.polypal.com\/fi\/wp-json\/wp\/v2\/media\/21812"}],"wp:attachment":[{"href":"https:\/\/www.polypal.com\/fi\/wp-json\/wp\/v2\/media?parent=8653"}],"curies":[{"name":"wp","href":"https:\/\/api.w.org\/{rel}","templated":true}]}}

<p>Litteä teräsovi vahvistetuilla reunoilla, saranat hitsattu oveen ja niitattu runkoon lujuuden ja kestävyyden parantamiseksi. • Alle 2 mm:n rako oven ja rungon välissä suojaa kaappia vääntämiseltä ja yrityksiltä avata kaappi väkisin.</p>
