{"id":8655,"date":"2019-07-15T09:33:58","date_gmt":"2019-07-15T09:33:58","guid":{"rendered":"https:\/\/www.polypal.com\/blog\/door-type\/reiitetty-ovi"},"modified":"2019-12-27T09:05:09","modified_gmt":"2019-12-27T09:05:09","slug":"reiitetty-ovi","status":"publish","type":"door-type","link":"https:\/\/www.polypal.com\/fi\/door-type\/reiitetty-ovi\/","title":{"rendered":"Rei\u2019itetty ovi"},"content":{"rendered":"<p>T\u00e4m\u00e4 ovi tarjoaa lis\u00e4tuuletusta kaapin sis\u00e4tiloille. Sopii erityisesti paikkoihin, joissa m\u00e4r\u00e4t vaatteet ja hajut ovat ongelma, ja pukuhuoneessa tarvitaan enemm\u00e4n tuuletusta.<\/p>\n","protected":false},"excerpt":{"rendered":"<p>T\u00e4m\u00e4 ovi tarjoaa lis\u00e4tuuletusta kaapin sis\u00e4tiloille. Sopii erityisesti paikkoihin, joissa m\u00e4r\u00e4t vaatteet ja hajut ovat ongelma, ja pukuhuoneessa tarvitaan enemm\u00e4n tuuletusta.<\/p>\n","protected":false},"featured_media":22001,"menu_order":0,"template":"","meta":{"content-type":"","footnotes":""},"class_list":["post-8655","door-type","type-door-type","status-publish","has-post-thumbnail","hentry"],"_links":{"self":[{"href":"https:\/\/www.polypal.com\/fi\/wp-json\/wp\/v2\/door-type\/8655","targetHints":{"allow":["GET"]}}],"collection":[{"href":"https:\/\/www.polypal.com\/fi\/wp-json\/wp\/v2\/door-type"}],"about":[{"href":"https:\/\/www.polypal.com\/fi\/wp-json\/wp\/v2\/types\/door-type"}],"version-history":[{"count":0,"href":"https:\/\/www.polypal.com\/fi\/wp-json\/wp\/v2\/door-type\/8655\/revisions"}],"wp:featuredmedia":[{"embeddable":true,"href":"https:\/\/www.polypal.com\/fi\/wp-json\/wp\/v2\/media\/22001"}],"wp:attachment":[{"href":"https:\/\/www.polypal.com\/fi\/wp-json\/wp\/v2\/media?parent=8655"}],"curies":[{"name":"wp","href":"https:\/\/api.w.org\/{rel}","templated":true}]}}

<p>Tämä ovi tarjoaa lisätuuletusta kaapin sisätiloille. Sopii erityisesti paikkoihin, joissa märät vaatteet ja hajut ovat ongelma, ja pukuhuoneessa tarvitaan enemmän tuuletusta.</p>
